l(0).
1
Let z be 16/12*(-3)/(-2). Let t = z + -1. What is the remainder when 26 is divided by (t - 0)/((-3)/(-27))?
8
Suppose 0 = -h + 3*k + 12, k - 8 = 3*k. Suppose h*r = -3*r + 2*u + 20, r + 4*u = -12. Suppose -r*i + 51 = -9. Calculate the remainder when 29 is divided by i.
14
Suppose -3*y - 2*y + 80 = 0. Calculate the remainder when 31 is divided by y.
15
Suppose 1 = 4*x - 7. Suppose 0*h = -2*h + x*a + 16, 0 = 2*h + 4*a - 16. Calculate the remainder when 21 is divided by h.
5
Suppose 0 = k + 66 - 74. What is the remainder when k is divided by (-3)/6 + 13/2?
2
Let w = 8 - -6. Calculate the remainder when 69 is divided by w.
13
Let t(z) = 4*z**2 + z + 1. What is the remainder when t(-3) is divided by 7?
6
Suppose -2*i + 24 + 48 = -5*f, 196 = 4*i + 3*f. Let r = -32 + i. What is the remainder when 2*(-2 - r/(-1)) is divided by 13?
11
Let b(d) = 69*d**3. Calculate the remainder when b(1) is divided by 24.
21
Suppose -h + 415 = h + 5*u, 400 = 2*h + 2*u. Suppose 0 = 5*t - h - 50. Calculate the remainder when t is divided by 17.
15
Suppose 165 = 5*z + 5*b, 4*b - 5*b - 4 = 0. Calculate the remainder when 184 is divided by z.
36
Calculate the remainder when 26 is divided by (-3)/(-9)*6 - -2.
2
Let q(a) = -a**3 + 6*a**2 + 8*a - 5. Suppose 3*p + 0 = 12. Calculate the remainder when p is divided by q(7).
0
Suppose 6*d + a + 19 = d, a - 11 = 5*d. Calculate the remainder when 8 - (d + 3/3) is divided by 6.
4
Let r(s) = s**3 + 7*s**2 + 4. Let q be (-6)/(-18) - (-44)/(-6). What is the remainder when 15 is divided by r(q)?
3
Suppose -i + 2 = -d + 4*i, -d - 4*i + 7 = 0. Let h be (d + -3)/(-3) - 28. What is the remainder when 31 is divided by (7/h)/((-2)/88)?
9
Let z be (64/(-16))/(-3 + 1). Suppose 4*f - 118 = z*f. Calculate the remainder when f is divided by 15.
14
Let w be (1 - 3 - 1) + 8. Suppose w = 3*z - 10. What is the remainder when z is divided by 2?
1
Let s = -16 - -78. Calculate the remainder when s is divided by 7.
6
Let b be 3/(-1) + 2 + 14. Let j = -10 + b. Calculate the remainder when 3 is divided by j.
0
Suppose 0 = 8*f - 7 - 41. What is the remainder when 18 is divided by f?
0
Let h(w) = w + 5. Let u be h(-9). Calculate the remainder when 7 - u*(-1)/2 is divided by (0 - -1) + -1 - -3.
2
Let b = -28 + 51. Suppose -45 - 37 = -2*y + 4*u, 3*y - 99 = -2*u. Let p = y - b. What is the remainder when 22 is divided by p?
10
Let l = -48 + 207. What is the remainder when l is divided by 40?
39
Let s = 15 - 9. Let n be (s/4 + -1)*14. Let j = n - 6. Calculate the remainder when j is divided by 1.
0
Let k(m) = -m**3 + 10*m**2 + 11*m + 13. What is the remainder when 24 is divided by k(11)?
11
Let l = 37 - -10. Let p be 21/(-4)*(-32)/12. What is the remainder when l is divided by 4/14 - (-220)/p?
15
Let l(i) = 2*i**2 + 2*i + 1. Let d be ((-12)/(-30))/(2/(-20)). Calculate the remainder when ((-3)/d)/(1/68) is divided by l(-3).
12
Suppose 4*g + 60 = -4*s, 4*g + 3*s + 26 = -29. Let j(o) be the third derivative of -o**4/24 + 5*o**3/6 + o**2. What is the remainder when 43 is divided by j(g)?
13
Let k = -7 - -12. Calculate the remainder when k*((-68)/10)/(-2) is divided by 6.
5
Let j be (-2)/2 - (-2)/2. Let b = 23 - j. Calculate the remainder when 66 is divided by b.
20
Suppose 3*n + 3*j + 26 = 65, -4*n - 5*j + 50 = 0. Calculate the remainder when (-8)/32*(-101 + 1) is divided by n.
10
Suppose -v + 3*v = 4. What is the remainder when 24 is divided by -13*(v/2)/(-1)?
11
Suppose -6 = -o - 2*o. Let s be -5 + (1 + -1)*-1. Let l = 7 + s. Calculate the remainder when l is divided by o.
0
Let x = 1 + -6. Let v = x - -9. What is the remainder when 6 is divided by v?
2
Suppose -5*i = -0*i + 3*o - 72, 2*i - 3*o - 33 = 0. Suppose -127 = -2*d - 3*y, 0 = 2*d - 5*y - 27 - 60. What is the remainder when d is divided by i?
11
Let g = -94 - -217. Suppose g = 2*n + n. Calculate the remainder when n is divided by 11.
8
Suppose 4 + 1 = 5*x. Let i = 48 - 33. Calculate the remainder when (6 - 34)/(-1*x) is divided by i.
13
Suppose 121 + 43 = 4*p. What is the remainder when p is divided by 14?
13
Suppose -5*d = 156 - 871. Calculate the remainder when d is divided by 36.
35
What is the remainder when 77 is divided by (-56 + 5)*1/(-3) - -3?
17
Let u = -176 + 296. Suppose q = -3*q + u. Calculate the remainder when q is divided by 17.
13
Suppose 3*p - 3 = 0, 0*i - 2*p = 3*i - 59. Calculate the remainder when (21/(-18))/7 - 650/(-12) is divided by i.
16
Suppose 2*d = -6*d + 80. What is the remainder when 58 is divided by d?
8
Let v = -45 + 70. Calculate the remainder when 46 is divided by v.
21
Suppose -2*w + 5*y = 1 + 17, -5*w - 4*y = -21. Let i(n) = n + 4*n + 2*n + 1. Calculate the remainder when i(w) is divided by 3.
2
Suppose -2*z = -4*z + 16. Suppose 2*n + s = 18, -4*s - 71 = 3*n - z*n. Calculate the remainder when n is divided by 7.
4
Let g be (1/(-2))/(3/(-12)). Suppose 0 = -g*i - 4*d + 14, 5*i - d - 95 = d. What is the remainder when i is divided by 6?
5
Let l(x) = 2*x**3 + 2*x**3 - x**3 + x**3 - 1. Let i be l(1). Calculate the remainder when 11 is divided by (i/(-2))/((-4)/16).
5
Let i = -133 - -147. What is the remainder when i is divided by 13?
1
Let u = 13 - 8. Suppose -a + u*d = 4*a - 60, 3*a - 18 = -3*d. Suppose 0 = p + 5*v - 16, -5*p + 64 = -p - v. What is the remainder when p is divided by a?
7
Let u(y) = -7*y - 4. Calculate the remainder when u(-9) is divided by 10.
9
Suppose 2*x - 6 = 4*h, 0*h + 2*h = 2*x - 8. Calculate the remainder when x is divided by 10/6*(-6)/(-5).
1
Let b(l) = -l**2 - 10*l - 3. Let v be b(-10). Calculate the remainder when (-6)/9 + (-62)/v is divided by 12.
8
Suppose -v = -0*v - 4, -4*v - 96 = -4*j. Calculate the remainder when 82 is divided by j.
26
Calculate the remainder when -2 - (1 - 0 - 35) is divided by 9.
5
Suppose 0 = 4*n, -4*t = -0*t + 5*n - 512. Calculate the remainder when t is divided by 33.
29
Let q(v) = v + 5. Suppose -3*f - 5 = -2*t + 18, 5*f = 2*t - 33. What is the remainder when q(t) is divided by 5?
4
Let o = -196 + 229. Calculate the remainder when o is divided by (-87)/(-5) + 4/(-10).
16
Suppose -2 = -b + i + 4, 4*b - 2*i = 30. Calculate the remainder when 43 is divided by b.
7
Suppose -4*i = 2*b, 0 = -2*b + 2*i - 0 + 6. Suppose -b*q - 4 = -4*q. Suppose -2*x - 5*o = -2*o + 5, o = -3. Calculate the remainder when q is divided by x.
0
Let t = -6 + 26. Let l = -14 + t. Calculate the remainder when l is divided by 4.
2
Suppose 10 - 4 = -3*q. Let h = q - -15. Calculate the remainder when 37 is divided by h.
11
Let l be 0 - (2/(-2) - 5). Calculate the remainder when 232/l + (-4)/6 is divided by 4/26 - (-564)/52 - 1.
8
Let t(f) = -f**2 + 6*f - 3. Calculate the remainder when 16 is divided by t(3).
4
Suppose -5*h + i = -41, -43 = -3*h - 4*i - 0*i. Let c(k) = 6*k - 2. Calculate the remainder when c(3) is divided by h.
7
Let w = 7 + 24. What is the remainder when w is divided by 17?
14
Let q = -12 + 148. Let u = q + -84. Let c = 40 + -22. What is the remainder when u is divided by c?
16
Let j = -2 + 3. Let i(u) = -10*u**2 + u. Let p be i(j). Let n = 0 - p. What is the remainder when n is divided by 5?
4
Let o = 39 - 19. Calculate the remainder when 79 is divided by o.
19
Let d be 34*1*9/2. Suppose 0 = -u + 4*u - d. Suppose -5*z = 2*p - u, -2*z = 2*p - 0*z - 48. Calculate the remainder when p is divided by 8.
7
Suppose 225*k - 229*k = -32. Calculate the remainder when k is divided by 4.
0
Suppose 6 = 3*d - 0*d. Suppose -2*z - 3*z = -d*i - 25, 2*z - 5*i = 10. What is the remainder when z is divided by -2*2*(-3)/4?
2
Suppose 21*a = 13*a + 376. Suppose 2*d = 3*l + 48, -2*d = -d + 4*l - 24. Calculate the remainder when a is divided by d.
23
Let s be 1/(1/2) - 59. Let g = 80 + s. Calculate the remainder when 91 is divided by g.
22
Let u(v) = 2*v**2 + v + 1. Let c be u(-1). Suppose -2*w = c*w. Suppose w*l - l + 6 = 0. Calculate the remainder when 9 is divided by l.
3
Suppose -w - 5*i + 63 = 0, -w + 5*w + 4*i = 188. Let s(f) = -25*f + 2. Let x be s(1). Let a = x + 38. What is the remainder when w is divided by a?
13
Let d = 2 - -11. Suppose 109 = 4*w + d. Let j(t) = 2*t**2 + 10*t + 17. Calculate the remainder when w is divided by j(-4).
6
Let r(z) = 6*z**2 - z + 13. Calculate the remainder when r(4) is divided by 18.
15
Suppose -q = -5*h + 172 -